 3*y + 2*q - 11. Let o(b) = 9*b**3 + 2*b - 1. Calculate the remainder when (2 + -2)/2 - -28 is divided by o(y).
8
Suppose 7*t - 3*h = 3*t + 43, 2*t = h + 23. What is the remainder when (-1)/(1/(-29)) + -4 is divided by t?
12
Let t(w) = -w**3 - 6*w**2 - 9*w + 1. What is the remainder when t(-4) is divided by 3?
2
Let f = 144 + -140. Calculate the remainder when 10 is divided by f.
2
Suppose 0 = f - 3*f + 44. Let q(y) = 2*y + 5. Let s(i) = 3*i + 5. Let c(t) = 4*q(t) - 3*s(t). Calculate the remainder when f is divided by c(-7).
10
What is the remainder when 6/(-8) - 107/(-4) is divided by 7?
5
Let n = 43 - 28. Suppose 5*q = 2*m + 8, -3*m - 2 = -0*m - 5*q. Calculate the remainder when n is divided by m.
3
Let v = 0 - -2. Suppose -v*j = -110 + 10. What is the remainder when j is divided by 17?
16
Let h = 86 + -32. What is the remainder when 15/6*h/15 is divided by 5?
4
Let m(y) = 12*y. Let j(f) = -f - 2. Let h be j(-3). Suppose 143 = 5*b + 28. Calculate the remainder when b is divided by m(h).
11
Suppose -182 + 52 = -5*t. Suppose -5*z = -m + 19, -4*z + 1 = 2*m - m. What is the remainder when t is divided by m?
8
Let g be ((-7)/((-7)/(-6)))/(-1). Calculate the remainder when (g*32/6)/1 is divided by (0 - -2)/((-6)/(-33)).
10
Let c = 32 + 11. Calculate the remainder when 214 is divided by c.
42
Suppose 180 + 55 = 5*x. Calculate the remainder when 137 is divided by x.
43
Let a = -6 + 29. Let h(p) = -21*p**3 + 2*p**2 + 2*p + 1. Let s be h(-1). Suppose 5*r - s = 18. Calculate the remainder when a is divided by r.
7
Let d = -14 + 25. Suppose 0 = -3*j - 2*j + 25. Suppose -j*i + 4 = -11. What is the remainder when d is divided by i?
2
Let d = 12 + -9. Suppose d*a + 4 = 5*a. What is the remainder when 2 is divided by a?
0
Suppose -4*h + 4*i = 32, 5*i = -5*h - 0*h - 80. Calculate the remainder when 34 is divided by (27/(-2))/(9/h).
16
Let d(u) = -u**3 - 6*u**2 - 5*u + 3. Let q be d(-5). Suppose -2*v + q*v = 5. What is the remainder when 12 is divided by v?
2
Suppose -4*r + 42 = -3*r. Calculate the remainder when r is divided by 23.
19
Let y = 32 + -3. Suppose 4*g - 2*q = -8 + 46, -46 = -5*g + 2*q. Calculate the remainder when y is divided by g.
5
Suppose -7*k + 5*k = -94. What is the remainder when k is divided by 16?
15
Let y be (0 - -9)*4/6. Suppose -k - y + 21 = 0. What is the remainder when 29*(1 - 0/2) is divided by k?
14
Let z(f) = -f - 1. Let g be z(-1). Suppose g = a + 3*a - 60. Let c(y) = y**3 + 7*y**2 + 3*y - 8. Calculate the remainder when c(-5) is divided by a.
12
Suppose i = -3*i. Let l be (3 - 0) + i/(-7). What is the remainder when 16 + l/(2 - 3) is divided by 7?
6
Let g(v) = v**3 - 6*v**2 - 5*v - 10. Let l be g(7). Let b = -5 - -5. Suppose b = l*i - 119 + 15. What is the remainder when i is divided by 9?
8
Let a be ((-44)/16)/((-2)/8). Suppose 0 = 2*v + 4, -3*h + 4*v + 24 = -a. Suppose 0 = -5*d, h*t - 65 = 4*t - 5*d. What is the remainder when 37 is divided by t?
11
Let f = 93 + -166. Let z = f + 14. What is the remainder when z/((-1)/(-1 + 2)) is divided by 20?
19
Let m = -52 - -85. What is the remainder when 129 is divided by m?
30
Suppose -v + 12 = -2*v. Suppose 90 = -0*g + 5*g. Let y = g + v. What is the remainder when y is divided by 4?
2
Suppose 2*z + 57 = 4*z + k, -2*k - 94 = -4*z. What is the remainder when 71 is divided by z?
19
Let m(g) = -12*g**3 - g**2. Let t = -1 - 0. Suppose 5*a - 201 = -46. Calculate the remainder when a is divided by m(t).
9
Let o = 34 - 24. Calculate the remainder when 39 is divided by o.
9
Let s = 7 - 3. Suppose -3*a - 15 - 3 = -5*v, -s*v = 2*a - 10. What is the remainder when v is divided by 4/14 - (-12)/7?
1
Suppose -d = -2*d + 4. Let n = -4 + d. Suppose o + o - 94 = n. Calculate the remainder when o is divided by 12.
11
Let b be (-1 + 0/(-3))/(-1). Let q(l) = 4*l**2 - l + 2. Calculate the remainder when q(1) is divided by 2/3*(2 + b).
1
Let i(y) = -y**2 + 11*y + 21. Calculate the remainder when 15 is divided by i(12).
6
Suppose 0*u + 36 = z + 4*u, 114 = 5*z - 2*u. Let p be -25*(-1 + -2 + 2). Let t = p - 12. Calculate the remainder when z is divided by t.
11
Let w(t) = t + 14. Let a be w(-10). Suppose a*b - 15 = -3. Suppose -m = -4*d - b, -m - 6*d + 48 = -d. Calculate the remainder when m is divided by 13.
10
Let h(p) = -p**2 + 14*p - 2. Calculate the remainder when h(6) is divided by 6/10 - 4/((-40)/154).
14
Let o(f) = 5*f + 2. Let p be o(2). Suppose 3*m - p = 30. Let s = -6 + 14. What is the remainder when m is divided by s?
6
Let c = -1 - 0. Calculate the remainder when 54/2 + (-11 - -9) is divided by ((-3)/(-2))/(c/(-6)).
7
Suppose 5*u + 4*o = 20, 2*u - 15 = -4*o + o. Suppose u*v = v - 25. Calculate the remainder when v is divided by 13.
12
Let y = -86 - -112. Calculate the remainder when 127 is divided by y.
23
Calculate the remainder when 122 + -2 + -4 + (-1 - -2) is divided by 30.
27
Let c = 85 + -51. Suppose -p = -4*p + 36. What is the remainder when c is divided by p?
10
Suppose 3*g - 5*g = 10, g - 413 = -2*x. Calculate the remainder when x is divided by 54.
47
Let h = -1 + 9. Let g(m) = -m**2 + 8*m + 9. Calculate the remainder when 17 is divided by g(h).
8
Let o(a) = -2*a**2 - 7*a + 8. Let i be o(-8). Let m be 1*(-40)/2 + 0. Let d = m - i. What is the remainder when d is divided by 23?
21
Let p = -1 - -22. Let y(u) = 8*u**3 - 8*u**2 - 3. Let l(o) = o**3 - o**2 + o - 1. Let i(d) = -5*l(d) + y(d). Calculate the remainder when i(3) is divided by p.
20
Let f = 7 - 4. Suppose -2*m - 3*m - f*s + 87 = 0, m = -4*s + 14. Calculate the remainder when m is divided by 10.
8
Let w(z) = -2*z - 1. What is the remainder when w(-5) is divided by 3?
0
Suppose -4*b - q + 303 = 2*q, 375 = 5*b + 5*q. What is the remainder when b is divided by 28?
22
Suppose -4*p - 16 = 0, -2*p = -2*c - 2*c + 192. What is the remainder when c + (-6)/9*3 is divided by 15?
14
Let u = 9 - 4. Let f be (12/16)/(1/(-4)). Let y = u + f. What is the remainder when 3 is divided by y?
1
Let a be ((-3)/(-2))/((-2)/(-4)). Let j = 0 - -5. What is the remainder when (-14)/((a/3)/(-1)) is divided by j?
4
Suppose 4*h - h + 3*z + 21 = 0, -22 = 3*h + 2*z. Let a(m) = m**2 + 6*m - 3. What is the remainder when 37 is divided by a(h)?
11
Let x = -15 - -39. What is the remainder when x is divided by 5?
4
Suppose -2*q - 4*k + 3*k = 56, 4*k - 19 = q. Calculate the remainder when (9*1)/(q/(-72)) is divided by 5.
4
Suppose 2*l + 36 = -2*l. What is the remainder when (21/l)/((-2)/6) is divided by 5?
2
What is the remainder when -1 + 1 - (3 + -19) is divided by 10?
6
Let h = -120 - -145. Calculate the remainder when h is divided by 17.
8
Suppose n - 2 + 0 = 0. Let b be (3/3)/(-1)*-40. Suppose -3*z - 25 = -2*s + 2*z, 5*z + b = 5*s. Calculate the remainder when s is divided by n.
1
Suppose -t - 12 = -5*t. Suppose k - 23 = -4*o, t*k - 6 = -5*o + 2*o. Suppose 0*c + c - 26 = 0. Calculate the remainder when c is divided by o.
5
Let u(q) = -q**2 + 6*q + 7. Let g(x) = -x**3 + 6*x**2 - 2*x + 7. Let l be g(6). Let w = l - -9. Calculate the remainder when u(6) is divided by w.
3
Let w = 48 + -25. What is the remainder when -1 + w - (5 + -4) is divided by 6?
3
Suppose -2*j = 43 - 13. Calculate the remainder when 6/4*(-340)/j is divided by 18.
16
Suppose -q + 5 = -5*i, -q + 0*i + 29 = 3*i. Calculate the remainder when q is divided by -2 - -4 - (-1 - 4).
6
Let g = 67 - 38. What is the remainder when g is divided by 10?
9
Let v(f) = -f**3 + 5*f**2 - 3*f - 3. Let n be v(3). Suppose -4*o + 10 = -n. Calculate the remainder when 8 is divided by o/(-14) + (-23)/(-7).
2
Suppose -15*w + 13*w + 58 = 0. What is the remainder when 49 is divided by w?
20
Suppose -4 + 15 = w. Calculate the remainder when 20 is divided by w.
9
Suppose -y = -0*y - 4, 5*a - 133 = 3*y. What is the remainder when a is divided by 8?
5
Let q(n) be the third derivative of n**6/30 - n**5/20 + n**3/2 - 6*n**2. Calculate the remainder when q(2) is divided by 6.
5
Suppose -3*z = -2*p - z + 12, 0 = p - 4*z - 18. Suppose -71 = -p*g - 25. Suppose y = d + g - 2, 3*y - 88 = -2*d. Calculate the remainder when y is divided by 9.
8
Suppose 5*v - 10*v = -55. What is the remainder when 62 is divided by v?
7
Suppose -2*f + 189 = -f + 4*n, -2*f + 5*n = -378. Calculate the remainder when f is divided by 16.
13
Suppose 0 = -d 